 be m*6*2/1. What is the units digit of (-2)/2*(s + -1)?
5
Let v(t) = -t**2 + 9*t - 9. Let l be v(7). Suppose -4*s - l*x = -124, -x + 31 = s - 2*x. What is the tens digit of s?
3
Suppose 0 = 3*v - 11 - 1. Suppose 4*t = 4*l, -3*t = -v*l + 3*l. Suppose 2*k - 77 + 11 = t. What is the units digit of k?
3
Let r = -8 - -8. Let w(t) = 5*t + r*t - 10 + 0*t + 2. What is the tens digit of w(6)?
2
Let u(z) = z**2 - 5*z + 10. Let q be u(7). Let n = -8 + q. What is the units digit of (1 - (-1)/(-4))*n?
2
Suppose -23*s = -8188 - 667. What is the units digit of s?
5
Suppose -5*d + m + 4*m + 1180 = 0, 3*m = -3*d + 678. Suppose 2*h - d = -229. What is the units digit of h?
1
Suppose 26*t + 3856 = 34*t. What is the units digit of t?
2
Suppose -15 = 5*l, 16*c - 19*c = -l - 240. What is the tens digit of c?
7
Let z(k) = -2*k**3 - k**2 + k + 1. Let t be z(4). Let o = 210 + t. What is the tens digit of o?
7
Let z(v) = -3*v - 3. Let b be z(-2). Suppose -b*p - 22 = -5*p. What is the units digit of p + -4 + (0 - 0)?
7
Let z(f) = -f. Let r(g) = -11*g + 16. Let y(v) = r(v) + 3*z(v). What is the units digit of y(-8)?
8
Let h = -24 + 84. Let i be (h/14)/(21/98). Let w = 41 - i. What is the tens digit of w?
2
Let v = 295 - 169. What is the units digit of v?
6
Let r = 1099 + -328. What is the units digit of r?
1
Let a(d) = 2*d**2 - 19*d - 4. Let c be a(10). What is the units digit of (24/16)/(3/c)?
3
What is the tens digit of 1/4 - 23394/(-24)?
7
Let k be 8/10*(-15)/(-6). Suppose t = 3*v - 5, 0*v + 7 = k*v + 3*t. Suppose v*c + 4*g - 20 = 0, -4*g = 5*c - 4*c - 6. What is the units digit of c?
4
Let m be (-1)/((-4 + -1)/20). Suppose 4*a = d + 2*d - 43, 5*d - 29 = -m*a. What is the units digit of d?
9
Suppose -3000 = -66*s + 63*s. Suppose -310 = 10*l - s. What is the tens digit of l?
6
What is the hundreds digit of (90 - 78)*(-1 + 53)?
6
Let t(a) = 6*a + a**3 - 5*a - 2 + 4*a + 8*a**2. Let z be t(-7). What is the tens digit of 0 + 80/(z/3)?
2
Let j = -270 - -384. Let m = -30 + 30. Suppose c - 32 = -g - m*g, -j = -3*g + 3*c. What is the tens digit of g?
3
Let l be -261*(-4)/6 - -2. Suppose -34 = -k + 3*t, 4*k + t = 5*t + l. What is the tens digit of k?
4
Suppose 1231 = 3*p - u, 4*p + 0*u - 1668 = -4*u. What is the tens digit of p?
1
Let q(i) = -17*i + 24. Let x(r) = -17*r + 31. Let v(c) = -5*q(c) + 4*x(c). Suppose 0 = -2*w + 4*w - 4. What is the tens digit of v(w)?
3
Let x be 2*((-50)/4)/(-5). Suppose -x*i + 3*s - 2*s + 55 = 0, -25 = 5*s. Suppose r - 15 = i. What is the units digit of r?
5
Suppose 4*i - 4*t = 56, 3*i - 2*t + 50 = 7*i. Let x be (-1)/(-3 + 38/i). Suppose -4*s + 27 = -x. What is the tens digit of s?
1
Let h(d) = -9 - 93*d**2 + 95*d**2 - 15 - 6*d. What is the tens digit of h(10)?
1
Suppose -3934 = -7*w + 2093. What is the hundreds digit of w?
8
Let x(a) = 2*a**2 - 9*a - 5. Let h be x(-6). Let b = h - 79. What is the units digit of b?
2
Let i be ((-45)/18)/((-1)/(-6)). Let q be ((-46)/3)/(i/(-45)). Let y = q + 83. What is the tens digit of y?
3
Let j be (0 + 2)/(-12) - 777/(-18). Let n be (6/2)/((-1)/(-1)). Suppose -n*z + j = 1. What is the units digit of z?
4
Let u be 1/(-4)*2*-64. Let a = u + -15. Suppose 3*y - 4*s - 82 = 0, 3*y = -3*s + 79 + a. What is the tens digit of y?
3
Suppose -37 = -6*q - 13. Suppose -36 = q*i - 456. What is the hundreds digit of i?
1
Let t = -2407 + 3249. What is the hundreds digit of t?
8
Let m be -3*2/27 + (-47)/(-9). What is the units digit of (-2 + -3)*((-18)/m - -2)?
8
Suppose 0 = 3*b - 15 - 0. Suppose -5*g = 5*l - 490, 0*g + 82 = g + b*l. What is the hundreds digit of g?
1
What is the tens digit of 2899/8 + 42/(-112)?
6
Let k be (-15 - -4)*(-3 - -2). Suppose -4*o - 1 = k. Let i = 19 + o. What is the tens digit of i?
1
Let j = 253 - 79. Suppose -4*l + j = 2*m, 3*m + 2*l = -130 + 371. What is the tens digit of m?
7
Let c = 110 + -190. Let r = -24 - c. What is the units digit of r?
6
What is the hundreds digit of (-8)/(-12)*813 - -1*5?
5
Suppose 0*h + 3*h - k + 83 = 0, -3*h - 88 = 4*k. What is the units digit of (-12)/(-21)*h/(-2)?
8
Suppose -z - 3*z = -8. Suppose 0*b - 4 = -3*j - 2*b, 6 = z*j - 2*b. Suppose -j*v = -4*v + 108. What is the units digit of v?
4
Let j be -1 - 192/4 - 1*-1. Let v = j + 67. What is the tens digit of v?
1
Let x(g) = 16*g + 8. Let t = -27 + 31. Let j be x(t). Let l = j - 16. What is the tens digit of l?
5
Suppose 2*a = -a - 48. Let u = 14 + a. Let v(g) = -3*g + 6. What is the units digit of v(u)?
2
Let d(t) = -5*t**3 + 4*t**3 + 13*t + 4 + 2*t**2 - 17*t + 5*t. Let k be d(0). Let n(a) = -a**3 + 8*a**2 - 2*a + 3. What is the tens digit of n(k)?
5
Let o(z) = -1011*z**3 + 2*z**2 - 3*z - 4. What is the units digit of o(-1)?
2
Let t(i) be the first derivative of -2*i + 8 + 1/2*i**2. What is the units digit of t(5)?
3
Suppose 0 = -3*h - 2*h + 165. Suppose -4*b + 193 - h = -4*n, 4*b = 2*n + 168. What is the units digit of b?
4
Let b be 157/2 - 3/(-6). Suppose 4*j - 381 = -5*y, b = -2*y - 4*j + 229. Suppose 8 = -3*d + y. What is the units digit of d?
3
Let n be 12*6 - 220/(-44). Let s be 4/(-10) - 534/15. Let y = n + s. What is the tens digit of y?
4
Suppose 4*p = -0*t + 4*t - 1012, -2*t - 2*p + 486 = 0. What is the units digit of (-2 - -6)/(((-44)/t)/(-11))?
8
What is the tens digit of 10/(10/3423)*6/18?
4
Let x = 84 - -693. What is the units digit of x?
7
Let h = -6 - -12. Let n = -61 - -93. What is the units digit of h*n/(-36)*-3?
6
Let h = 1482 + -725. What is the hundreds digit of h?
7
Let a(n) = -6*n + 1. Let q be a(3). Let x be -4 + 29 + -2 - 3. Let y = q + x. What is the units digit of y?
3
Let p(k) = -k**3 - k**2 + k - 1. Let c(l) = 2*l**3 + 2*l**2 - l + 7. Let y be 0 + 1 + 0 + 3. Let i(g) = y*p(g) + c(g). What is the units digit of i(-2)?
5
Let u be (-7 - (-774)/12)/(4/(-8)). Suppose 2*o = -o - 186. Let r = o - u. What is the units digit of r?
3
Let y = -18 + 15. Let p(k) = 1 - 19*k + 5*k**2 + 17*k + 6. What is the units digit of p(y)?
8
Let g = 16 - 9. Suppose -g*i = -4*i - 273. What is the units digit of i?
1
Suppose -2544 = -2*g - 976. Let h be g/17 + 24/(-204). Suppose -3*n + h + 20 = 0. What is the units digit of n?
2
Suppose 8 = 4*j - 0*j. Let f(l) = 63*l + 3. What is the hundreds digit of f(j)?
1
What is the tens digit of -13 - -8 - 5/(25/(-4340))?
6
Let b(i) = -2*i**3 - i**2 - 3*i + 5. Suppose 3*q + 9 = 0, 2*y - 3*q + 0 - 13 = 0. Let j be b(y). Let u = j + 46. What is the tens digit of u?
2
Suppose 0 = -5*w + 3*w - 4*s - 4, 2*s + 20 = -4*w. Let u(y) = -y**2 + 3*y + 12. Let r be u(w). Let n = -9 - r. What is the units digit of n?
3
Let h(k) = -k**3 - 6*k**2 + 5*k - 9. Let s be h(-7). Suppose -5*b = -2*l - 33, -s*l + 4*b - 54 = b. Let t(y) = y**2 + 3*y - 3. What is the units digit of t(l)?
1
Let o be (-1)/(-4) + 62/8. Let j(n) = n**3 - 6*n**2 - 10*n + 12. Let v be j(o). Suppose -v = -7*z + 2*z. What is the units digit of z?
2
Suppose -4*a + 10*t = 6*t - 1700, -a + 4*t + 416 = 0. What is the units digit of a?
8
Suppose -5*m + g + 18 = 0, 4*m - 18 = 2*m - 5*g. What is the units digit of (m/(-8))/((-3)/168)?
8
Suppose 0 = 4*x - 1599 - 1273. What is the units digit of x?
8
Let z(h) = 10*h**3 + 5*h**2 + 5*h - 81. What is the hundreds digit of z(5)?
3
Let a(g) = -5*g + 5. Let d(u) = u**2 + 7*u + 3. Let m be d(-5). Let r be a(m). Suppose -r - 62 = -3*h. What is the tens digit of h?
3
Suppose 5*b = -5*m + 6425, -3*m + 5*m - 5*b - 2563 = 0. What is the thousands digit of m?
1
Suppose 540 = -7*q + 11*q. Suppose t + 2*t - 44 = -v, 5*v - 2*t - q = 0. Suppose b = 16 + v. What is the units digit of b?
5
What is the hundreds digit of 4/((-4)/(-1627)) - 0 - 1?
6
Let c(q) = -q**3 + 10*q**2 - 9. Suppose 6 = -2*s + 3*s. What is the units digit of c(s)?
5
Let t(g) = 4*g**3 + g**2 - g + 1. Let s be t(1). Suppose 4*i - s*i + 4 = 0. Suppose -4*n + 345 = 5*w + n, -3*w - i*n = -211. What is the tens digit of w?
6
Let r(o) = 2*o - 6. Suppose -5*q = -3*b - 53, q + 2 - 8 = -4*b. Let h = q + -5. What is the units digit of r(h)?
4
Let d(c) = c - 6. Let p(l) = -3*l + 1. Let y(a) = -2*a + 1. Let r(z) = 5*p(z) - 4*y(z). Let t be r(-1). What is the units digit of d(t)?
2
Suppose 0*x - 8*x + 5160 = 0. Suppose -54*a + 51*a + x = 0. What is the hundreds digit of a?
2
What is the units digit of ((-50)/(-6))/(-1*7/(-2415))?
5
What is the 